e (0 + 3)*4/6. Suppose -5*s + 3*s - 2*r + 178 = 0, r = -1. Let i(d) = -s*d + 175*d - 87*d. What is i(f)?
-4
Let d(j) = -12*j + 1. Suppose 4*q + 465 = u + 459, -2*u = 4. What is d(q)?
25
Let r(w) be the first derivative of 1 + 7*w**2 + 17/3*w**3 - 28*w + 1/4*w**4. Calculate r(-16).
4
Let i(o) = -3*o**2 + 5*o - 2. Let x(y) = -4*y**2 + 7*y - 3. Let k(d) = 3*i(d) - 2*x(d). Let u(j) = -4*j**2 + j + 4. Let g(n) = -3*k(n) + u(n). What is g(-5)?
-11
Let c(t) be the first derivative of -3*t**3 + 5*t**2/2 - 4*t - 769. Determine c(1).
-8
Let i = -6 - -11. Let w be (6 - 3)/(5 + -4). Let n(a) = -5*a**2 + 15*a**w - 3 + 12*a**3 - 26*a**3 + 3*a. Give n(i).
12
Let i(w) = 2*w**3 - 8*w**2 - 6*w - 8. Let n(v) = 5*v**3 - 15*v**2 - 13*v - 26. Let s(a) = 7*i(a) - 3*n(a). Calculate s(-11).
55
Let i(g) = g**2 + g - 5. Let v = 576 - 580. Let w be 4 + 3/(3/v). Determine i(w).
-5
Let t(r) be the third derivative of r**6/120 - 4*r**5/15 + 9*r**4/8 + 3*r**3/2 - 59*r**2 - 12. What is t(14)?
-5
Let q be ((10/4)/5)/((-39)/6 - -6). Let z(a) = 44*a**3 - a**2 + 2*a + 3. What is z(q)?
-44
Let r(z) be the third derivative of z**4/24 + 3*z**3/2 - 822*z**2. Let v be (1 - 8)*12/14. Give r(v).
3
Let c(j) = -j**3 - j**2 - j - 1. Let y be c(-1). Let p(z) be the third derivative of -z**6/120 + z**5/60 - z**4/24 - 3*z**3/2 + 229*z**2. What is p(y)?
-9
Let d(c) be the third derivative of c**6/120 + 19*c**5/60 + 23*c**4/24 + 15*c**3/2 - 4296*c**2. What is d(-18)?
-45
Let p(h) = -h**2 - 2*h - 3. Let n be p(-2). Let g(v) = 14*v**2 + 269*v + 81. Let i(l) = 5*l**2 + 95*l + 28. Let w(k) = -6*g(k) + 17*i(k). Give w(n).
-4
Let a(g) = -1700*g**2 - 8*g**3 + 18*g**3 - 20 + 1703*g**2 - 9*g**3 - 22*g. Determine a(-6).
4
Let y be (7/2)/(331/1986). Let l(g) = 4*g - 61. What is l(y)?
23
Let b(m) be the first derivative of -1/4*m**4 + 5/3*m**3 - 2*m + 41 + 2*m**2. Determine b(6).
-14
Suppose 5*n - 76 = -3*d, -4*d - n = -81 - 9. Let m = d + 0. Suppose -5*t - m = -2*y - t, -5*t = -3*y + 28. Let k(i) = -22*i**3 - i**2 + 2*i - 1. What is k(y)?
-22
Let m(p) = -35*p**2 - p - 1. Let j be ((-8)/(-12))/(192/(-288)). What is m(j)?
-35
Let o(p) = 7*p + 101. Let q be o(-15). Let x(v) be the second derivative of 0 - 4*v**2 + 4*v - 1/6*v**3. Give x(q).
-4
Let p be 0/((-36)/6) + ((-96)/6)/4. Let c(x) = -x**3 - 6*x**2 - 2*x + 9. Determine c(p).
-15
Let w = 866 - 864. Let j(c) = -4*c**3 - c**2 - 7*c + 5. Let v(z) = -2*z**3 - 3*z + 2. Let q(l) = -2*j(l) + 5*v(l). Give q(w).
-10
Let l(a) = 13*a - 67 + 25*a - 57 - 185. Determine l(8).
-5
Let n(v) be the second derivative of 15*v + 1/6*v**4 + 0 + 1/60*v**5 - 2/3*v**3 + 3*v**2. Let p(s) be the first derivative of n(s). Calculate p(-5).
1
Let f be ((-20)/(-15) - 3)*48/(-40). Let l(y) be the first derivative of 5/3*y**3 + 2*y**2 + 8 + f*y + 1/4*y**4. Determine l(-2).
6
Let q be 5*46/(-32) - (-1653)/8816. Let a(p) = 123*p + 858. What is a(q)?
-3
Suppose 7*j - 12*j + 15 = 0. Suppose 5*k - r - 118 = 79, -3*k + 129 = j*r. Suppose 0 = 7*p + 3*p - k. Let b(f) = 3*f - 4. Determine b(p).
8
Let m(a) be the second derivative of -3 - 6*a - 1/20*a**5 + 2/3*a**4 - 2*a**2 + 5/3*a**3. Calculate m(9).
5
Let k(f) = 1 - f**3 - 2 - 5*f**2 - 4 + 13*f + 0 - 11. Calculate k(-7).
-9
Let g(i) be the second derivative of -i**5/2 - i**3/6 + i**2/2 - 3*i. Suppose -d + 19*d - 80 = -62*d. Give g(d).
-10
Let h = 1 - 1. Let k(n) be the first derivative of -n**4/2 - n**2/2 - n + 353. Let l(j) = 5*j**3 + 3*j - 7. Let y(d) = -3*k(d) - l(d). Determine y(h).
10
Let z(k) = -2*k - 64*k**2 + 2*k + 3 - 3*k**3 + 69*k**2. Let i(n) = n**3 - n**2 + 1. Let m(x) = -4*i(x) - z(x). Determine m(0).
-7
Let a(b) = -289*b + 8672. Let g be a(30). Let l(z) = z**3 + 2*z + 2. Calculate l(g).
14
Let b(r) = -r**3 + 15*r**2 + 2*r - 25. Let j be (-9)/(-6) - 1080/(-80). Give b(j).
5
Let n = 51 - 28. Suppose 67 = 24*u - n*u. Suppose 22 - u = 5*r. Let o(s) = -s**2 - 10*s - 8. Give o(r).
1
Let l(a) = -a**3 + 10*a**2 + 11*a. Let t(g) = 2*g**2 + 20*g + 11. Let y = -23 - -13. Let v be t(y). Let u be (v/2)/((-10)/4 + 3). Give l(u).
0
Let q(y) = 12*y - 23 + 35*y - 70*y + 28*y. Calculate q(7).
12
Let a(h) = -94*h + 2. Let p be a(-2). Suppose 166 = 3*y + p. Let v(b) = b**3 + 9*b**2 + 9*b + 9. What is v(y)?
1
Let u(t) = t**2 + 8*t - 25. Let d be u(-11). Suppose -d*c = 21 - 37. Let m(i) = -4*i - 2. Determine m(c).
-10
Let w be (-10)/(-4)*(-26)/(-65)*1/6. Let g(s) be the third derivative of 0*s - 20*s**2 + 0 + 7/12*s**4 - w*s**3. Calculate g(1).
13
Let o(x) be the second derivative of -x**4/6 + 25*x**3/6 + 59*x**2/2 + 4935*x. Calculate o(14).
17
Let r(l) = -l**2 - 179*l + 909. Let t be r(5). Let h(u) = -11*u - 109. Determine h(t).
12
Suppose 49*s + 139*s = -2632. Let a(d) = -d**3 - 14*d**2 - 3*d - 45. What is a(s)?
-3
Let v(y) = y**3 - y**2 + 18. Suppose 61*l - 2*n + 17 = 66*l, -4*n = -2*l + 2. Suppose -r + l = 3. Determine v(r).
18
Let x(y) be the third derivative of -y**5/60 + 11*y**4/24 + 7*y**3/6 - 1676*y**2. Let v(f) = -2*f - 2. Let j be v(-6). Give x(j).
17
Let v(u) = 8*u - 10. Let a(r) = 7*r - 10. Let z(q) = -7*a(q) + 6*v(q). Let l be (-64090)/1235 - 4/38. Let k be -1 - (5 - l/(-4)). Determine z(k).
3
Let h(j) = -2*j**3 - 23*j**2 + 130*j + 1419. Let a be h(-12). Let l(v) = v**3 - 3*v**2 + 7. Calculate l(a).
7
Let b(n) = 16*n**3 - 15*n**3 + 34 - 111*n - 3*n**2 - 2 + 110*n. Give b(6).
134
Let c be (-38)/(-399) + (-4)/42. Suppose c = 3*n - h + 2, 103*n - 104*n - 2*h = 3. Let q(b) = -14*b - 2. Determine q(n).
12
Suppose 0 = 5*f + 2*h + 46, -3*h + 9 = -170*f + 171*f. Let c(q) = q**3 + 13*q**2 + 11*q + 11. Determine c(f).
23
Let i(l) = 4*l + 4. Let t(j) = -j - 39. Let u be t(-16). Let g = u + 20. Calculate i(g).
-8
Suppose -5*c + 4*p + 248 = 0, -5*c + p + 97 = -145. Suppose -19*g = -11*g - c. Let o(f) = -f**2 + 7*f + 2. Give o(g).
8
Let m(t) = 3*t + 3*t - t + 14 - 4*t. Let g(c) = -13*c**2 - 7*c + 8. Suppose -58*p - 2 = -60*p. Let k be g(p). Give m(k).
2
Let h be (582 - 18)*(-2)/(-3). Suppose -h = 13*a - 441. Let w(m) = m**2 + 2*m. What is w(a)?
35
Let k = 50 - 47. Suppose k*w + 8 = 20. Suppose -w*m = -2*d - m - 4, -5*d + m - 23 = 0. Let q(x) = x**2 + 5*x + 4. Give q(d).
4
Let d(g) = -11*g + 38. Let q be d(3). Suppose 2*x + q = b, -4*b = -3*b - 5. Let c(k) = k**3 - 8. What is c(x)?
-8
Let v(o) be the third derivative of o**6/120 + 7*o**5/30 - o**4/12 - o**3 - 3*o**2 - 2*o. Let w(u) = 2*u**2 + u - 1. Let r(q) = -v(q) + 5*w(q). Give r(-5).
-9
Suppose 2*f - 186 = -16. Let m(q) = -f*q**2 + q**3 - 5 + q - 2*q + 84*q**2. Suppose 5*d + 4*p + 4 = 0, 0 = -5*p - 0 - 5. Give m(d).
-5
Let j(k) = 5*k + 11. Let f = 88 + -92. Let p(h) = 3*h + 6. Let w(i) = f*j(i) + 7*p(i). Determine w(0).
-2
Let w(r) = 0 - 12 + 4 + 29*r - 33*r + 22*r. Give w(4).
64
Let s(r) = -r**2 + r + 1. Let n(d) = -4*d**2 + d + 1. Suppose 5*b - 3*b - 2 = 0. Let k(a) = b*s(a) - n(a). Suppose -31*m - 50 = -0 + 12. Determine k(m).
12
Let u(a) = -a**3 - 17*a**2 - 4*a - 25. Let q be (5 - (-321)/(-15)) + (-21)/35. Calculate u(q).
43
Let o(v) = 3*v**2 + 3*v - 4. Suppose 4*g - 15 = -3. Let f = 1061 - 1004. Suppose g*q + 16*q + f = 0. Give o(q).
14
Let s(d) = 6*d**3 - 7*d**2 - 5*d. Let x(i) = 4*i - 1 + 2*i**2 - 99*i**3 + 98*i**3 - 3*i. Let y(l) = -s(l) - 3*x(l). Determine y(-2).
27
Let a(u) = 2*u + 8. Let r = 292 - 293. Let h be 3/5 + -81*r/15. Determine a(h).
20
Suppose 3*m = 141 + 1365. Suppose -151 + m = -27*p. Let s(l) = l**2 + 12*l + 5. What is s(p)?
18
Suppose 0 = 5*c - 2*s - 17, 5*c + 58 = 3*s + 76. Let m(t) = t**3 + 2*t**2 - 14*t - 4. Calculate m(c).
-1
Let u(m) = -m**3 - 8*m**2 - 10*m - 8. Let l be (-62)/10 - ((-4)/(-40)*28 - 3). Calculate u(l).
-20
Let w(r) = r**2 + 9*r + 12. Let p = 101 - 94. Suppose y - p*y = 0. Suppose f + 3*k = y, 6*f - 3*k + 45 = 2*f. Give w(f).
12
Let b(d) = 63*d - 19. Let x(g) = -173*g + 56. Let k(l) = 11*b(l) + 4*x(l). Determine k(1).
16
Let n(f) = -f**3 + 5*f**2 + 2*f - 16. Let o(b) = 22*b + 1191. Let w be o(-54). What is n(w)?
8
Let g(w) be the second derivative of 1/6*w**3 + 3/2*w**2 + 1/6*w**4 + 172*w + 0. What is g(-3)?
18
Let d(k) = 2*k - 14. Let b be 4/1 + -8 + -3 - 0. Let h(m) = -35*m - 234. Let v be h(b). What is d(v)?
8
Suppose -115*g + 11 = -104*g. Let a(r) = 8*r + 5. Determine a(g).
13
Let r(h) = -16*h**2 - 92*h**2 + h**3 + 192*h**2 - 13*h - 90*h**2 - 13